{"id":3357,"date":"2020-11-05T13:07:24","date_gmt":"2020-11-05T11:07:24","guid":{"rendered":"http:\/\/www.faluspelmanslag.se\/?page_id=3357"},"modified":"2026-04-05T13:53:24","modified_gmt":"2026-04-05T11:53:24","slug":"latar-i-nothaftet","status":"publish","type":"page","link":"https:\/\/faluspelmanslag.se\/?page_id=3357","title":{"rendered":"L\u00e5tar i Noth\u00e4ftet"},"content":{"rendered":"\n<p class=\"wp-block-paragraph\"><\/p>\n\n\n\n<figure class=\"wp-block-audio\"><audio controls src=\"http:\/\/faluspelmanslag.se\/wp-content\/uploads\/2022\/03\/Vem-vill-ga-hem-valsen_i_tempo.mp3\"><\/audio><figcaption class=\"wp-element-caption\">Vem vill g\u00e5 hem, vals av Ann Elving i tempo<\/figcaption><\/figure>\n\n\n\n<figure class=\"wp-block-audio\"><audio controls src=\"http:\/\/faluspelmanslag.se\/wp-content\/uploads\/2022\/03\/Vem-vill-ga-hem-valsen_langsam.mp3\"><\/audio><figcaption class=\"wp-element-caption\">Vem vill g\u00e5 hem, vals av Ann Elving, l\u00e5ngsam<\/figcaption><\/figure>\n\n\n\n<figure class=\"wp-block-audio\"><audio controls src=\"http:\/\/faluspelmanslag.se\/wp-content\/uploads\/2022\/03\/Spindeln-FSL-Normal.mp3\"><\/audio><figcaption class=\"wp-element-caption\">Spindeln, Schottis av Leif Elving i tempo<\/figcaption><\/figure>\n\n\n\n<figure class=\"wp-block-audio\"><audio controls src=\"http:\/\/faluspelmanslag.se\/wp-content\/uploads\/2022\/03\/Spindeln-langsam.mp3\"><\/audio><figcaption class=\"wp-element-caption\">Spindeln, Schottis av Leif Elving, l\u00e5ngsam<\/figcaption><\/figure>\n\n\n\n<p class=\"wp-block-paragraph\">Ronny och Ingalills 60 \u00e5rs polska av Lisa Karlstr\u00f6m Rosell<br>Noter <a href=\"http:\/\/www.faluspelmanslag.se\/wp-content\/uploads\/2020\/11\/Ronny-Ingalills-60-\u00e5rs-polska.pdf\">hittar du h\u00e4r ===&gt;<\/a><\/p>\n\n\n\n<figure class=\"wp-block-audio\"><audio controls src=\"http:\/\/www.faluspelmanslag.se\/wp-content\/uploads\/2020\/11\/Ronny-Ingalills-60\u00e5rspolska.mp3\"><\/audio><figcaption class=\"wp-element-caption\">Ronny och Ingalills 60 \u00e5rs polska Av Lisa Karlstr\u00f6m Rosell<\/figcaption><\/figure>\n\n\n\n<hr class=\"wp-block-separator has-css-opacity is-style-wide\"\/>\n\n\n\n<figure class=\"wp-block-audio\"><audio controls src=\"http:\/\/www.faluspelmanslag.se\/wp-content\/uploads\/2020\/11\/Ollenas-Brudvals-001.mp3\"><\/audio><figcaption class=\"wp-element-caption\">Ollenas Brudvals av G\u00f6ran Wickman<\/figcaption><\/figure>\n\n\n\n<figure class=\"wp-block-audio\"><audio controls src=\"http:\/\/faluspelmanslag.se\/wp-content\/uploads\/2019\/11\/P\u00e4rlpolskan-av-Jan-Florin.mp3\"><\/audio><figcaption class=\"wp-element-caption\">P\u00e4rlpolskan av Jan Florin<\/figcaption><\/figure>\n\n\n\n<figure class=\"wp-block-audio\"><audio controls src=\"http:\/\/faluspelmanslag.se\/wp-content\/uploads\/2019\/11\/Br\u00f6llopspolska-av-Janne-\u00c5slund.mp3\"><\/audio><figcaption class=\"wp-element-caption\">Brudpolska av Janne \u00c5slund<\/figcaption><\/figure>\n\n\n\n<figure class=\"wp-block-audio\"><audio controls src=\"http:\/\/faluspelmanslag.se\/wp-content\/uploads\/2019\/11\/Balkanpolskan.mp3\"><\/audio><figcaption class=\"wp-element-caption\">Balkanpolskan av Ola B\u00e4ckstr\u00f6m<\/figcaption><\/figure>\n\n\n\n<figure class=\"wp-block-audio\"><audio controls src=\"http:\/\/faluspelmanslag.se\/wp-content\/uploads\/2019\/11\/Ebbas-Brudpolska.mp3\"><\/audio><figcaption class=\"wp-element-caption\">Ebbas Brudpolska av Ola B\u00e4ckstr\u00f6m<\/figcaption><\/figure>\n\n\n\n<figure class=\"wp-block-audio\"><audio controls src=\"http:\/\/faluspelmanslag.se\/wp-content\/uploads\/2019\/12\/N\u00e4stan-J\u00e4mt-polska-av-Ylva-Persson.mp3\"><\/audio><figcaption class=\"wp-element-caption\">N\u00e4stan j\u00e4mt av Ylva Persson<\/figcaption><\/figure>\n\n\n\n<figure class=\"wp-block-audio\"><audio controls src=\"http:\/\/faluspelmanslag.se\/wp-content\/uploads\/2020\/01\/R\u00f6dh\u00e4tte-Hurven-3-varv-Melodi-D-Dur.mp3\"><\/audio><figcaption class=\"wp-element-caption\">R\u00f6dh\u00e4ttehurven av Lasse Ljungstr\u00f6m<\/figcaption><\/figure>\n\n\n\n<figure class=\"wp-block-audio\"><audio controls src=\"http:\/\/faluspelmanslag.se\/wp-content\/uploads\/2020\/01\/Big-Horse-av-Ian-Carr.mp3\"><\/audio><figcaption class=\"wp-element-caption\">Big Horse av Ian Carr<\/figcaption><\/figure>\n\n\n\n<figure class=\"wp-block-audio\"><audio controls src=\"http:\/\/www.faluspelmanslag.se\/wp-content\/uploads\/2022\/03\/Ingegerds-vals-2.mp3\"><\/audio><figcaption class=\"wp-element-caption\">Ingegerds vals av G\u00f6ran F\u00e4lt<\/figcaption><\/figure>\n\n\n\n<figure class=\"wp-block-audio\"><audio controls src=\"http:\/\/faluspelmanslag.se\/wp-content\/uploads\/2020\/02\/\u00c4ngsstunden-av-Bill-McChesney.mp3\"><\/audio><figcaption class=\"wp-element-caption\">\u00c4ngsstunden av Bill McChesney<\/figcaption><\/figure>\n\n\n\n<figure class=\"wp-block-audio\"><audio controls src=\"http:\/\/faluspelmanslag.se\/wp-content\/uploads\/2020\/02\/Smedsbo-brudpolska-av-Jan-Lundin.mp3\"><\/audio><figcaption class=\"wp-element-caption\">Smedsbo brudpolska av Jan Lundin<\/figcaption><\/figure>\n\n\n\n<figure class=\"wp-block-audio\"><audio controls src=\"http:\/\/faluspelmanslag.se\/wp-content\/uploads\/2020\/02\/Sjuttisen.mp3\"><\/audio><figcaption class=\"wp-element-caption\">Sjuttisen Schottis av Lars H\u00f6kpers<\/figcaption><\/figure>\n\n\n\n<figure class=\"wp-block-audio\"><audio controls src=\"http:\/\/faluspelmanslag.se\/wp-content\/uploads\/2022\/03\/Kalle-A-Polska.mp3\"><\/audio><figcaption class=\"wp-element-caption\">Kalle A:s polska av Lars H\u00f6kpers<\/figcaption><\/figure>\n\n\n\n<figure class=\"wp-block-audio\"><audio controls src=\"http:\/\/faluspelmanslag.se\/wp-content\/uploads\/2020\/02\/Normans-Schottis.mp3\"><\/audio><figcaption class=\"wp-element-caption\">Normans Schottis av Maria Jonsson<\/figcaption><\/figure>\n\n\n\n<figure class=\"wp-block-audio\"><audio controls src=\"http:\/\/faluspelmanslag.se\/wp-content\/uploads\/2022\/03\/Piddellipom-tempo.mp3\"><\/audio><figcaption class=\"wp-element-caption\">Piddellipom av Carina Normansson i tempo<\/figcaption><\/figure>\n\n\n\n<figure class=\"wp-block-audio\"><audio controls src=\"http:\/\/faluspelmanslag.se\/wp-content\/uploads\/2022\/03\/Piddellipom-sakta.mp3\"><\/audio><figcaption class=\"wp-element-caption\">Piddellipom av Carina Normansson l\u00e5ngsam<\/figcaption><\/figure>\n\n\n\n<figure class=\"wp-block-audio\"><audio controls src=\"http:\/\/faluspelmanslag.se\/wp-content\/uploads\/2022\/03\/Mobergs-Schottis.mp3\"><\/audio><figcaption class=\"wp-element-caption\">Mobergs schottis av Lars Moberg<\/figcaption><\/figure>\n\n\n\n<figure class=\"wp-block-audio\"><audio controls src=\"http:\/\/faluspelmanslag.se\/wp-content\/uploads\/2022\/03\/Pasir-Panjang-Road.mp3\"><\/audio><figcaption class=\"wp-element-caption\">Pasir Panjang Road av Lars Moberg<\/figcaption><\/figure>\n\n\n\n<figure class=\"wp-block-audio\"><audio controls src=\"http:\/\/faluspelmanslag.se\/wp-content\/uploads\/2022\/03\/Brodrapolskan.mp3\"><\/audio><figcaption class=\"wp-element-caption\">Br\u00f6drapolskan av Per Gudmundsson i tempo<\/figcaption><\/figure>\n\n\n\n<figure class=\"wp-block-audio\"><audio controls src=\"http:\/\/faluspelmanslag.se\/wp-content\/uploads\/2022\/03\/Brodrapolskan-langsamt.mp3\"><\/audio><figcaption class=\"wp-element-caption\">Br\u00f6drapolskan av Per Gudmundsson l\u00e5ngsamt<\/figcaption><\/figure>\n\n\n\n<figure class=\"wp-block-audio\"><audio controls src=\"http:\/\/faluspelmanslag.se\/wp-content\/uploads\/2022\/03\/Grattis-Lotta.mp3\"><\/audio><figcaption class=\"wp-element-caption\">Grattis Lotta av Per Gudmundsson i tempo<\/figcaption><\/figure>\n\n\n\n<figure class=\"wp-block-audio\"><audio controls src=\"http:\/\/faluspelmanslag.se\/wp-content\/uploads\/2022\/03\/Grattis-Lotta-langsamt.mp3\"><\/audio><figcaption class=\"wp-element-caption\">Grattis Lotta av Per Gudmundsson l\u00e5ngsamt<\/figcaption><\/figure>\n\n\n\n<figure class=\"wp-block-audio\"><audio controls src=\"http:\/\/faluspelmanslag.se\/wp-content\/uploads\/2022\/03\/Lisslissla.mp3\"><\/audio><figcaption class=\"wp-element-caption\">Lisslissla av Lars Ljunggren<\/figcaption><\/figure>\n\n\n\n<figure class=\"wp-block-audio\"><audio controls src=\"https:\/\/www.faluspelmanslag.se\/wp-content\/uploads\/2024\/11\/Barnleken-av-Ylva-Persson.mp3\"><\/audio><figcaption class=\"wp-element-caption\">Barnleken av Ylva Persson<\/figcaption><\/figure>\n","protected":false},"excerpt":{"rendered":"<p>Ronny och Ingalills 60 \u00e5rs polska av Lisa Karlstr\u00f6m RosellNoter hittar du h\u00e4r ===&gt;<\/p>\n","protected":false},"author":90,"featured_media":0,"parent":4888,"menu_order":6,"comment_status":"closed","ping_status":"closed","template":"","meta":{"_crdt_document":"","_uag_custom_page_level_css":"","ngg_post_thumbnail":0,"footnotes":""},"class_list":["post-3357","page","type-page","status-publish","hentry"],"uagb_featured_image_src":{"full":false,"thumbnail":false,"medium":false,"medium_large":false,"large":false,"1536x1536":false,"2048x2048":false,"post-thumbnail":false},"uagb_author_info":{"display_name":"Hans Olander","author_link":"https:\/\/faluspelmanslag.se\/?author=90"},"uagb_comment_info":0,"uagb_excerpt":"Ronny och Ingalills 60 \u00e5rs polska av Lisa Karlstr\u00f6m RosellNoter hittar du h\u00e4r ===&gt;","_links":{"self":[{"href":"https:\/\/faluspelmanslag.se\/index.php?rest_route=\/wp\/v2\/pages\/3357","targetHints":{"allow":["GET"]}}],"collection":[{"href":"https:\/\/faluspelmanslag.se\/index.php?rest_route=\/wp\/v2\/pages"}],"about":[{"href":"https:\/\/faluspelmanslag.se\/index.php?rest_route=\/wp\/v2\/types\/page"}],"author":[{"embeddable":true,"href":"https:\/\/faluspelmanslag.se\/index.php?rest_route=\/wp\/v2\/users\/90"}],"replies":[{"embeddable":true,"href":"https:\/\/faluspelmanslag.se\/index.php?rest_route=%2Fwp%2Fv2%2Fcomments&post=3357"}],"version-history":[{"count":8,"href":"https:\/\/faluspelmanslag.se\/index.php?rest_route=\/wp\/v2\/pages\/3357\/revisions"}],"predecessor-version":[{"id":5544,"href":"https:\/\/faluspelmanslag.se\/index.php?rest_route=\/wp\/v2\/pages\/3357\/revisions\/5544"}],"up":[{"embeddable":true,"href":"https:\/\/faluspelmanslag.se\/index.php?rest_route=\/wp\/v2\/pages\/4888"}],"wp:attachment":[{"href":"https:\/\/faluspelmanslag.se\/index.php?rest_route=%2Fwp%2Fv2%2Fmedia&parent=3357"}],"curies":[{"name":"wp","href":"https:\/\/api.w.org\/{rel}","templated":true}]}}